 divisor of 243 and h.
27
Let a = 88 - 56. Let f = 91 + -43. Calculate the highest common factor of f and a.
16
Suppose -3*f - 9*f = -120. What is the highest common factor of f and 80?
10
Suppose -w + 4 - 23 = 0. Let d = w - -34. Calculate the highest common divisor of 5 and d.
5
Let u = 4 + 5. Calculate the highest common factor of 6 and u.
3
Let a = -11 - -106. What is the highest common factor of a and 76?
19
Suppose 10 = 2*k + 2. Suppose -v + k = -3. What is the greatest common divisor of 28 and v?
7
Suppose -58 = -4*p + 2*n, p + n - 2 - 11 = 0. Let r be 1/(-4) - 116/(-16). Calculate the greatest common divisor of p and r.
7
Let w(y) = 2*y - 11. Let l be w(9). Calculate the highest common divisor of 63 and l.
7
Let v be ((-2)/6)/((-1)/(-21)). Let k be 6/(8/4) - v. Calculate the highest common factor of k and 40.
10
Let z(c) = 4*c**2 + c. Let i be z(1). What is the greatest common divisor of 25 and i?
5
Let f be (-2 + 0)*-1 + 141. Let x(c) = 3*c**3 - 4*c**2 + 3*c - 1. Let h be x(2). What is the greatest common factor of f and h?
13
Let d(n) = -10*n - 1. Let q be d(-11). Let p(j) = j**2 - 5*j + 1. Let z be p(-4). Let s = q - z. What is the greatest common factor of s and 9?
9
Let h be ((-145)/10)/(0 + (-1)/2). What is the greatest common divisor of 29 and h?
29
Let u be 774/30 + 18/(-10) + 2. What is the greatest common factor of 182 and u?
26
Let d be 1*4*18/4. Suppose 0 = -h - 3*h. Suppose h = 4*m - 2 - 46. Calculate the highest common factor of m and d.
6
Suppose -x - 3*x = 44. Let h(y) = -y**3 + 7*y**2 - 7*y + 2. Let d be h(5). Let r = d + x. What is the highest common divisor of r and 18?
6
Let f(a) = -a**2 - 6*a + 17. Let x be f(2). Calculate the greatest common divisor of x and 3.
1
Suppose -2*f - 15 = -2*o - 61, 0 = 5*f + 3*o - 99. Calculate the highest common divisor of f and 7.
7
Let y = -108 - -181. Let p = y + -37. Suppose -2*n + 16 = 2*n. What is the highest common factor of n and p?
4
Let b(s) = -s**3 - 5*s**2 + 4*s + 3. Let j be b(-6). Let m = -28 + 43. Calculate the greatest common divisor of j and m.
15
Let n be (46 - (6/(-2) + 0)) + -3. Calculate the greatest common factor of n and 69.
23
Suppose 83 - 11 = z. Suppose -2*o + 5*o = -6. Let a be 354/15 + o/(-5). Calculate the highest common factor of a and z.
24
Let p = -3 - -87. Suppose u + 3*r - p = 0, -2*u - r + 5*r = -178. What is the highest common divisor of 58 and u?
29
Let b(i) = i + 2. Let n be b(0). Suppose -4*a + 4*x + 48 = 0, 4 = 3*a + n*x - 7. Suppose -4*h - 9 = -a*h. What is the greatest common factor of h and 2?
1
Let y = -8 - -12. Suppose 27 = -a - 3*o, -2*a = -0*a + y*o + 48. Let d = a - -30. What is the greatest common factor of d and 84?
12
Let f = 13 - 2. Let j be (-2298)/(-30) + 2/5. Calculate the greatest common divisor of f and j.
11
Let r be (-872)/(-20) - (-6)/15. Suppose -7*j = -5*j - r. Calculate the highest common divisor of j and 2.
2
Let d(i) = -i**2 + 11*i + 27. Let k be d(9). What is the greatest common factor of k and 10?
5
Suppose 5*n - w = 667, -1 = 3*w + 5. Let m(i) = i**3 + i**2 - i + 19. Let y be m(0). What is the highest common factor of n and y?
19
Suppose 1 = -l + 6. Suppose -6 - 6 = -3*k + 4*i, k - 6 = 2*i. Suppose a - 1 = -k*a. What is the greatest common factor of a and l?
1
Suppose -j = 4*k - 19, -2*k - 23 = -7*k - 2*j. Calculate the highest common divisor of 20 and k.
5
Let o(h) = 12*h**3 - h**2 + 2*h - 1. Let k be o(1). Suppose -20 = -5*f + 35. Suppose -4*z + 1 = -f. What is the highest common divisor of z and k?
3
Let s(k) = -k**2 + 8*k + 2. Let q be s(-8). Let b be 0*3/6 - q. Suppose t = -t + b. Calculate the highest common divisor of t and 7.
7
Let l be (165/1)/((-54)/(-36)). What is the highest common divisor of l and 22?
22
Let x(z) = -z**3 + 10*z**2 + 2*z + 3. Let u be x(10). Suppose u*w - 18*w - 35 = 0. Suppose 0 = 3*c - 31 + 10. Calculate the highest common factor of c and w.
7
Suppose 0 = 3*f - 5*f + 528. Calculate the greatest common divisor of f and 24.
24
Let q be ((-9)/(-36))/((-2)/(-136)). Calculate the greatest common divisor of 119 and q.
17
Let c = -6 - -10. Let l = c + -2. Suppose 5*x - 5 = 0, -v + l*x + 84 + 13 = 0. What is the greatest common divisor of 11 and v?
11
Suppose 0 = -6*r + 3*r - 2*d + 52, 0 = r - 3*d - 10. What is the highest common factor of 2 and r?
2
Let f(r) be the third derivative of 0*r - 1/120*r**6 + 0 + r**2 - 1/10*r**5 - 1/24*r**4 + r**3. Let a be f(-6). Calculate the highest common factor of 30 and a.
6
Suppose 4*t - 852 = -0*t. Let x = t + -105. Calculate the greatest common factor of 12 and x.
12
Suppose -5*n = -98 + 28. Calculate the highest common divisor of n and 14.
14
Suppose 5*l + 259 = 4*v, 0*l - 224 = 4*l + v. Let d = -39 - l. What is the greatest common divisor of 32 and d?
16
Suppose -3 = -3*n + 2*n. Suppose -90 = -0*q - n*q. Suppose -3*g + 64 = 4*z, -4*g - g = 4*z - 104. Calculate the greatest common divisor of q and g.
10
Suppose 15 = n - 5*g, 3 = 3*g + 6. Suppose 0*v - n = -5*v. Let h = 5 - 3. What is the greatest common factor of v and h?
2
Let r(s) = 0 - 2 + 3*s**2 - 1 + 3*s - s. Let f be r(3). What is the greatest common factor of 15 and f?
15
Let d(b) = -b + 1. Let n be d(-4). Suppose -5*g + 4*m - 664 = -78, n*m = 2*g + 248. Let c = g - -194. Calculate the greatest common divisor of c and 16.
16
Let b(k) = -k**2 + 26*k + 1. Let x be b(26). Suppose 3*r - 12 = r. Let u be (-2)/(-6) - (-64)/r. What is the greatest common factor of x and u?
1
Suppose 2*s + x - 50 = 0, 5*s + 0*s - 5*x - 140 = 0. What is the highest common factor of s and 286?
26
Let n = 11 + 5. What is the highest common factor of 8 and n?
8
Suppose -3*p = -4*p + 20. What is the greatest common factor of 220 and p?
20
Suppose 140 = 4*l + 4*f, 5*l + f = -40 + 215. Calculate the greatest common factor of l and 175.
35
Let s = -15 - -80. What is the greatest common factor of s and 26?
13
Suppose 2*c + c - 18 = 0. Suppose c*b + 355 = b. Let s = b + 127. What is the greatest common factor of 7 and s?
7
Let r = 86 + -23. Let z(p) = -41*p + 1. Let w be z(-1). What is the greatest common divisor of w and r?
21
Let o be 8/6 - 2/6. Let s(t) = 117*t. Let j be s(o). Let u = -134 - -147. What is the greatest common divisor of u and j?
13
Suppose -z + 19 - 8 = 0. What is the highest common divisor of z and 99?
11
Suppose -d = -13 + 2. What is the highest common divisor of d and 121?
11
Suppose -16 = -4*x - 2*l, 2*l - 8 = -2*x - l. Calculate the greatest common divisor of x and 6.
2
Suppose 2*a - 5*a + 48 = 0. Suppose 19 + 29 = 2*t. Calculate the highest common divisor of t and a.
8
Let h(k) = 6*k + 12. Let p be h(5). What is the greatest common divisor of 63 and p?
21
Suppose 3*j - m = 251, 131 = 3*j - 2*m - 119. Suppose -4*u + j = -u. Suppose 15 = 3*i, 2*p + 3*i + 1 - u = 0. Calculate the highest common factor of 24 and p.
6
Let t be 4/18 - (11976/(-54) + -3). Calculate the highest common divisor of 25 and t.
25
Let g(p) = -10*p - 3. Let f be g(-2). What is the highest common divisor of f and 34?
17
Let b be (27/12)/(6/32). Suppose -k = -2*s - 12, 2*s = k + s - b. Calculate the greatest common divisor of k and 132.
12
Suppose 0*o - n - 6 = -o, 3*n + 15 = 2*o. Suppose 2*x = o*x - 2. What is the highest common divisor of x and 14?
2
Let p = -77 - -133. What is the greatest common divisor of 8 and p?
8
Let y be (-23 - -1)*3/2. Let a be y/(-2)*8/6. Let g = 18 - 7. Calculate the greatest common factor of a and g.
11
Suppose -39 = 3*l - 138. Let r be l - (2 + 3 + -4). Suppose 4*g - r = -0*g. What is the highest common factor of g and 2?
2
Let j = 11 - 19. Let b = j + 3. Let u be ((-2)/b)/(1/50). What is the greatest common factor of 10 and u?
10
Let c be 3/(-2) - 87/2. Let b be c/(-1 - 1/2). Calculate the highest common factor of b and 45.
15
Let s be (-4 + 1)/(5 + -6). Suppose s*p = 48 + 21. Calculate the highest common divisor of p and 161.
23
Let x(o) = -o**2 + o + 2. Let y be x(-4). Let r = -11 - y. Let p(z) = -z**2 + 4*z - 2. Let w be p(3). Calculate the highest common divisor of r and w.
1
Let r be 2034/24 - 1/(-4). Let m(y) be the second derivative of 17*y**3/3 + y. Let z be m(1). Calculate the greatest common factor of z and r.
17
Let s(y) be the second derivative of 0 + 0*y**2 + 2*y - 5/3*y**3. Let v be s(-1). Ca